l**2 + 16*l - 60. What are the prime factors of y(-24)?
2, 3, 11
Suppose -2*i = 8*i - 170. Suppose -425 = -4*s - i. List the prime factors of s.
2, 3, 17
What are the prime factors of 7 + 1741 - 9 - -4?
3, 7, 83
List the prime factors of (-40)/(-3)*(-204)/(-8).
2, 5, 17
Let s(p) = -9*p**2 + 12*p + 20. Let q(z) = 3*z**2 - 4*z - 7. Let g(c) = -11*q(c) - 4*s(c). What are the prime factors of g(-3)?
2, 3
Suppose -9*y + 8328 + 7476 = 0. List the prime factors of y.
2, 439
Suppose -2*d - 2 + 6 = 0. Suppose -110 = -d*y + 74. List the prime factors of y.
2, 23
Let p = -1498 - -2374. What are the prime factors of p?
2, 3, 73
Suppose 22*o - 1210 - 12980 = 0. List the prime factors of o.
3, 5, 43
Let n(m) = m**2 - 5*m + 1. Let z be n(4). Let s(w) = -w - 2. Let d(g) = -g - 9. Let h(p) = -d(p) + 5*s(p). What are the prime factors of h(z)?
11
Suppose 0 = -3*t + 6, b + 4*t - 20 = -3. List the prime factors of ((-2)/(-6))/(b/540).
2, 5
Let g(w) = -59*w**3 + w**2 + w + 1. Let l be g(-1). Let j = 32 - 30. Suppose 2*i - l = 5*s, 7*i - 79 = 4*i + j*s. What are the prime factors of i?
5
Suppose 4*w + 2*w = 60. List the prime factors of w*-1*4/(-8).
5
Suppose 2*d + y = 243, d - 6*d - 2*y = -606. Let x = -85 + d. What are the prime factors of x?
5, 7
Suppose 3*i - 8 = 4*s, 0*s = 3*s - 2*i + 5. Let v(l) = -2*l**3 + l. Let g be v(s). List the prime factors of 36*((-8)/12)/g.
2, 3
Let s(q) = -11*q - 234. What are the prime factors of s(-23)?
19
Suppose -2*x - o + 521 = x, 4*x + 2*o = 698. Suppose -4*u + 7 + 1 = 0. Suppose u*q - 7*q - j + x = 0, 12 = -4*j. What are the prime factors of q?
5, 7
Let g = 3495 - 2538. List the prime factors of g.
3, 11, 29
Let f be 11/2*(-20 + 22). Suppose -t + 4*y = -19, 3*t - 46 = -y + f. List the prime factors of t.
19
Let v(f) = -f**3 - f**2 + f - 7. Let a be v(0). Let i = 10 + a. What are the prime factors of ((-1)/i)/((-4)/24)?
2
Suppose 38 = 4*s + 4*j + 142, 4*s + j = -104. Suppose -129 + 29 = -3*x - 4*m, 4*x - 3*m = 150. Let v = s + x. What are the prime factors of v?
2, 5
Let a = 3 + 4. List the prime factors of 0 - ((-20)/2)/(a + -6).
2, 5
Suppose w - 7 = -5. Suppose -4*f = 5*k - 167, -w = -k - 5*f + 23. Let n = k + -14. What are the prime factors of n?
3, 7
Let y(k) = 6 + 63*k + 5 + 1 - 7. List the prime factors of y(2).
131
Let v(g) = -g + 5. Let n(i) = -i + 4. Let b(x) = 7*n(x) - 6*v(x). Let d be b(-5). Suppose d*c - 5*w - 42 = 0, 0 = -2*w + 3*w - 3. List the prime factors of c.
19
List the prime factors of (55/1)/((-2)/6*-1).
3, 5, 11
Let h(q) = 6*q - 113. What are the prime factors of h(23)?
5
Let g(o) = -18*o - 210. What are the prime factors of g(-38)?
2, 3, 79
Suppose 2*m + 2*q + 44 = 0, -6*m = -m + 2*q + 104. Let y = 92 - m. List the prime factors of 16/y - (-209)/7.
2, 3, 5
Suppose 4*g - g = -r + 9, -r - 2*g = -8. Let b(q) = q**3 - q**2 - 3*q + 4. Let h be b(0). Suppose -h*a = -a - r. What are the prime factors of a?
2
Suppose 3*i - c = -16, 4*c + c + 10 = 0. Let g(q) = -6*q**2 - 4*q - 5. Let m be g(6). List the prime factors of m/i - (-6)/36.
41
Let g = 1 - 1. Let n(a) = -6*a - 21. Let z be n(-7). Suppose 0 = -g*k + k - z. What are the prime factors of k?
3, 7
Suppose -3*q + q - 3 = -u, -2*q - 15 = 3*u. List the prime factors of q/2*12*-1.
2, 3
Suppose 2 = 2*j - 6. Suppose l - 20 = j. List the prime factors of l.
2, 3
Suppose 11*r - 124 - 272 = 0. Suppose 0 = -r*t + 38*t - 266. What are the prime factors of t?
7, 19
Suppose n + 3*n - 16 = 0. Let p = 8 + -6. Suppose 178 = n*s + 3*x - x, p*s - 95 = -3*x. List the prime factors of s.
43
Let y be (-18)/(-45)*1*25. Let c(t) = t**2 - 10*t + 5. Let m be c(y). Suppose 3*x = -3*f + 114, 0 = -4*f + m*x - x + 136. List the prime factors of f.
2, 3
What are the prime factors of 28/210 - 36836/(-30)?
2, 307
Let a(j) = -5*j - 3. Let l(b) = -4*b - 2. Let i(k) = -6*a(k) + 7*l(k). Let d(z) = -2*z - 3. Let q(u) = -3*d(u) - 4*i(u). List the prime factors of q(-10).
13
Let j(g) = -5*g**3 + 6*g**2 + g - 4. Let x(w) = -10*w**3 + 11*w**2 + 2*w - 7. Let i(k) = -7*j(k) + 4*x(k). What are the prime factors of i(-2)?
2, 23
Let c(r) = -r**3 - 15*r**2 - 14*r + 5. Let s be c(-14). Suppose s*t + 3*t - 712 = 0. List the prime factors of t.
89
Let n(c) = 2*c**2 - 40*c + 56. Let y be n(24). Suppose g = -12 + y. List the prime factors of g.
2, 59
Suppose 4 = -4*q + a + 3*a, 3*q + 3*a = 15. Let n be 4 + 2/q*-3. What are the prime factors of (533/(-26))/(n/(-2))?
41
Suppose 10*d = 75 + 85. Suppose d*x = -x + 1054. What are the prime factors of x?
2, 31
Let d = 45 - 27. Suppose 5091 = d*g - 237. What are the prime factors of g?
2, 37
Let p(s) = -39*s - 69. Let y be p(-8). Let x = 388 - y. List the prime factors of x.
5, 29
What are the prime factors of 669 + -4*6/(-48)*10?
2, 337
Let b(a) be the first derivative of -a**3/3 - 17*a**2 - 51*a + 26. List the prime factors of b(-25).
2, 3, 29
Let i(b) = -b**3 + 23*b**2 - 17*b + 9. What are the prime factors of i(19)?
2, 5, 113
Let w = -41 - -37. List the prime factors of w/20 - 402/(-10).
2, 5
Let h(z) = -z - 1. Let y = -8 + 32. Suppose 2*m - 4*m = y. What are the prime factors of h(m)?
11
Suppose -4*l + 2 + 2 = 0. Let m(b) = 3*b**3 - b**2. Let t be m(l). Suppose -t*x - x - 4*k = -61, -3*x + k = -86. List the prime factors of x.
3
Let i(z) = -2*z + 27. Let q be i(11). List the prime factors of ((732 + 0)/3)/(q - 3).
2, 61
Let p = 6 - 3. Suppose 5*l - 13 = -3*b + 1, -4 = -p*l - 4*b. Suppose -3*k = -t - 34, -l*k + 66 = k - 4*t. What are the prime factors of k?
2, 5
Suppose 5*y = 16 - 6. Suppose 7*t = y*t. Suppose t = 2*p - 13 - 5. List the prime factors of p.
3
Let t(r) = -r**3 - 6*r**2 - 2*r + 7. Let s be t(-5). Let j be s/(-12)*6/1. Suppose -j*u + 6*u - 64 = 0. What are the prime factors of u?
2
Let u = -65 + 1631. List the prime factors of u.
2, 3, 29
Let d = 42 + -21. Suppose -68 - 12 = -2*n. Let v = n - d. What are the prime factors of v?
19
Let x(u) = -5*u**2 + 2*u - 3. Let i be x(1). What are the prime factors of i/2*(-341)/11?
3, 31
Let h = -159 + 23. Let r = -46 - h. What are the prime factors of r?
2, 3, 5
Let k be 80 + (0 - (-6 + 3)). What are the prime factors of 1 - 5/((-5)/k)?
2, 3, 7
Let t(i) = 3*i - 2. Let s be t(1). Suppose -y - 5 = -s. What are the prime factors of y/16 - 149/(-4)?
37
Let n be (-1)/(-3) - 117/27. What are the prime factors of (-2)/4 + (-190)/n?
47
Let h be -40 - 4/(-6)*3. Let m = -23 - h. List the prime factors of m.
3, 5
Let n = 108 + -42. Suppose -4*d - 11 = -v, -4*v = -3*d - 2*d - n. List the prime factors of v.
19
Let t = 19 + -20. Let m = t - -36. List the prime factors of m.
5, 7
Let q be (-21)/(-4) + (-4)/(-48)*-3. Suppose f + 64 = 4*f - q*m, -2*f + 51 = -5*m. What are the prime factors of f?
13
Suppose -3*d + 2*c + 11 = c, c = -3*d + 7. Suppose -4*r = x + 15 - 42, -203 = -4*x + d*r. What are the prime factors of x?
47
List the prime factors of (-3 - 9)/4 - (-1 + -300).
2, 149
Let m = 54 - 59. Suppose 0 = t - 4 + 7. What are the prime factors of m/(20/t)*56?
2, 3, 7
Suppose -5*f - 4 = -7*f. What are the prime factors of (2*(-1)/2)/(f/(-220))?
2, 5, 11
Let b be 348/8 - (-6)/4. List the prime factors of 6/4*(b - (3 + -4)).
3, 23
Suppose 19*u - 12 = 13*u. Let w(j) = 2*j**3 - j**2 + 2*j. List the prime factors of w(u).
2
What are the prime factors of (-1870)/(-40)*(-3 + 15)?
3, 11, 17
Suppose 5*w - 64 = 21. Suppose w = v - 3*l, 5*v + 0*v + 5*l = 5. What are the prime factors of v?
5
Let w = -277 - -168. Let r = 223 + w. Suppose -4*m = -7*m + r. What are the prime factors of m?
2, 19
Suppose -j + 0 - 2 = 2*v, 3*j - 5 = 5*v. Suppose j = -c + 218. List the prime factors of c.
2, 109
Let v(g) = g**2 + 19*g - 390. List the prime factors of v(-43).
2, 3, 107
Let d be (4/8)/((-3)/(-372)). Suppose 0 = 6*k - d - 436. List the prime factors of k.
83
Suppose -3*i - 5*s = -30, 4*i - 2*s = s + 11. Suppose -v - 1145 = -i*f, 4*f - v = v + 910. What are the prime factors of f?
2, 5, 23
Suppose 240*s - 244*s = -340. What are the prime factors of s?
5, 17
Let p = 86 - 114. Let h = p - -58. List the prime factors of h.
2, 3, 5
Let z(r) = r + 12. Let u be z(-10). Suppose -f = -4*m - 58, -7*f + u*f = 3*m - 244. List the prime factors of f.
2, 5
Let u(g) = -760*g - 14. List the prime factors of u(-5).
2, 3, 631
Let h = -757 + 1628. What are th